6 (base 9) to base 8.
6
Convert -302 (base 5) to base 10.
-77
What is 0 (base 14) in base 3?
0
-66 (base 16) to base 2
-1100110
Convert 9 (base 10) to base 14.
9
What is -25 (base 16) in base 6?
-101
0 (base 14) to base 10
0
What is 10 (base 3) in base 7?
3
-3f (base 16) to base 4
-333
Convert -2 (base 14) to base 10.
-2
What is 48 (base 16) in base 8?
110
230 (base 9) to base 10
189
What is -1010 (base 2) in base 14?
-a
Convert 5 (base 7) to base 6.
5
-95 (base 10) to base 14
-6b
Convert 3 (base 9) to base 2.
11
12110 (base 3) to base 6
403
51 (base 13) to base 14
4a
Convert 5 (base 14) to base 11.
5
3 (base 5) to base 7
3
What is 3 (base 16) in base 7?
3
Convert 1 (base 6) to base 15.
1
What is -101000011 (base 2) in base 14?
-191
What is 1 (base 16) in base 7?
1
What is -1010 (base 4) in base 7?
-125
0 (base 12) to base 16
0
Convert -20 (base 14) to base 2.
-11100
Convert 2 (base 12) to base 2.
10
Convert -7b (base 12) to base 8.
-137
Convert 12 (base 16) to base 9.
20
What is -2 (base 8) in base 4?
-2
What is 145 (base 11) in base 14?
c2
162 (base 7) to base 9
113
What is -20 (base 3) in base 13?
-6
Convert 1c (base 16) to base 14.
20
4 (base 14) to base 12
4
What is b (base 16) in base 11?
10
Convert 0 (base 4) to base 13.
0
Convert 0 (base 14) to base 4.
0
What is -10010 (base 2) in base 4?
-102
Convert -5 (base 16) to base 14.
-5
11 (base 2) to base 14
3
Convert -4 (base 15) to base 11.
-4
-64 (base 8) to base 12
-44
6 (base 7) to base 9
6
Convert -20 (base 12) to base 3.
-220
Convert 12 (base 5) to base 13.
7
Convert 124 (base 10) to base 14.
8c
Convert -6 (base 15) to base 11.
-6
What is 3 (base 16) in base 8?
3
Convert 2000 (base 3) to base 6.
130
-100010 (base 2) to base 5
-114
Convert 7 (base 14) to base 7.
10
Convert 1 (base 15) to base 8.
1
Convert 13 (base 5) to base 10.
8
-107 (base 11) to base 10
-128
220 (base 3) to base 9
26
What is -5 (base 11) in base 13?
-5
What is 0 (base 4) in base 9?
0
-1014 (base 6) to base 13
-145
What is -3 (base 15) in base 13?
-3
What is 2 (base 11) in base 10?
2
21 (base 13) to base 16
1b
Convert 0 (base 16) to base 9.
0
Convert 12 (base 11) to base 12.
11
What is -7 (base 12) in base 15?
-7
What is 2 (base 8) in base 4?
2
Convert -34 (base 8) to base 16.
-1c
What is 1 (base 10) in base 13?
1
Convert -22 (base 12) to base 9.
-28
What is 14 (base 15) in base 9?
21
Convert -12 (base 6) to base 13.
-8
What is -3 (base 16) in base 8?
-3
What is -11 (base 2) in base 4?
-3
2 (base 5) to base 8
2
What is 10010 (base 2) in base 14?
14
5 (base 10) to base 8
5
What is -423 (base 7) in base 9?
-256
e (base 16) to base 14
10
Convert 120 (base 3) to base 16.
f
Convert -65 (base 16) to base 6.
-245
Convert 1b (base 12) to base 14.
19
-110 (base 5) to base 12
-26
Convert 115 (base 10) to base 7.
223
-79 (base 13) to base 3
-10201
What is 56 (base 8) in base 14?
34
Convert 12 (base 4) to base 7.
6
Convert -3 (base 9) to base 7.
-3
1 (base 6) to base 4
1
What is -1 (base 2) in base 5?
-1
What is 300 (base 4) in base 9?
53
Convert 0 (base 7) to base 12.
0
123 (base 7) to base 3
2110
What is 2 (base 12) in base 8?
2
10 (base 8) to base 3
22
Convert -4 (base 16) to base 14.
-4
Convert -13 (base 7) to base 14.
-a
-12 (base 11) to base 3
-111
What is -1b (base 13) in base 5?
-44
Convert -1cb (base 13) to base 12.
-240
341 (base 5) to base 6
240
Convert -28 (base 12) to base 8.
-40
What is -5 (base 15) in base 9?
-5
-113 (base 5) to base 14
-25
Convert 231 (base 6) to base 13.
70
-88 (base 10) to base 11
-80
Convert 43 (base 6) to base 4.
123
-2 (base 6) to base 16
-2
Convert 9 (base 11) to base 15.
9
-227 (base 8) to base 14
-ab
Convert 9 (base 14) to base 6.
13
What is -135 (base 6) in base 11?
-54
What is -1102 (base 3) in base 6?
-102
Convert -2 (base 11) to base 2.
-10
Convert 344 (base 6) to base 5.
1021
What is -4 (base 5) in base 9?
-4
What is -1a (base 13) in base 14?
-19
-5 (base 13) to base 12
-5
4 (base 6) to base 7
4
Convert -16 (base 14) to base 3.
-202
What is -27 (base 8) in base 10?
-23
-35 (base 6) to base 7
-32
Convert -237 (base 9) to base 5.
-1241
12 (base 10) to base 5
22
Convert 61 (base 8) to base 4.
301
-39 (base 10) to base 12
-33
What is 1 (base 14) in base 4?
1
332 (base 5) to base 7
161
-1 (base 12) to base 2
-1
Convert -3 (base 5) to base 16.
-3
What is 321 (base 4) in base 2?
111001
10 (base 9) to base 6
13
Convert -350 (base 6) to base 13.
-a8
What is 41 (base 9) in base 5?
122
Convert -4 (base 9) to base 12.
-4
Convert 1 (base 14) to base 12.
1
-110 (base 2) to base 7
-6
What is -10 (base 2) in base 13?
-2
What is 1 (base 13) in base 16?
1
1 (base 2) to base 13
1
What is 3 (base 9) in base 12?
3
Convert 4 (base 14) to base 11.
4
Convert 0 (base 5) to base 14.
0
What is -9 (base 11) in base 13?
-9
-13 (base 16) to base 15
-14
What is -3 (base 12) in base 9?
-3
61 (base 7) to base 5
133
What is -2111 (base 3) in base 4?
-1003
Convert -3 (base 11) to base 10.
-3
Convert -9 (base 13) to base 7.
-12
49 (base 11) to base 6
125
-4 (base 5) to base 11
-4
Convert -10000 (base 4) to base 5.
-2011
49 (base 11) to base 9
58
What is 9 (base 12) in base 8?
11
What is -1 (base 9) in base 15?
-1
Convert -32 (base 5) to base 16.
-11
What is -ac (base 14) in base 5?
-1102
What is -29 (base 10) in base 14?
-21
5b (base 13) to base 3
2211
-74 (base 16) to base 5
-431
-321 (base 7) to base 15
-ac
-2 (base 6) to base 15
-2
Convert -102 (base 6) to base 11.
-35
-3 (base 10) to base 13
-3
Convert -113 (base 6) to base 13.
-36
-33 (base 8) to base 15
-1c
Convert 1 (base 4) to base 14.
1
What is -2 (base 16) in base 2?
-10
Convert -14 (base 9) to base 13.
-10
Convert -21 (base 3) to base 2.
-111
Convert 315 (base 7) to base 16.
9f
-4 (base 14) to base 13
-4
2 (base 7) to base 11
2
32 (base 5) to base 8
21
Convert 2 (base 10) to base 6.
2
What is -203 (base 8) in base 16?
-83
Convert -7 (base 15) to base 16.
-7
Convert -12 (base 4) to base 7.
-6
11 (base 3) to base 4
10
4 (base 13) to base 5
4
What is -2 (base 10) in base 12?
-2
Convert -1 (base 8) to base 5.
-1
What is -1001 (base 2) in base 5?
-14
-170 (base 8) to base 5
-440
What is -7 (base 10) in base 12?
-7
Convert 100001 (base 2) to base 6.
53
Convert -1 (base 14) to base 15.
-1
21 (base 16) to base 12
29
2 (base 13) to base 16
2
What is -219 (base 10) in base 9?
-263
Convert -86 (base 13) to base 10.
-110
-24 (base 15) to base 10
-34
Convert 200 (base 10) to base 12.
148
1313 (base 4) to base 12
9b
-166 (base 10) to base 14
-bc
Convert -16 (base 14) to base 3.
-202
Convert 2 (base 10) to base 9.
2
What is 12 (base 4) in base 13?
6
-25 (base 8) to base 10
-21
What is -13 (base 4) in base 16?
-7
Convert 72 (base 14) to base 2.
1100100
What is 144 (base 5) in base 10?
49
-3 (base 9) to base 4
-3
Convert -7 (base 15) to base 3.
-21
Convert 19 (base 10) to base 15.
14
Convert 300 (base 5) to base 4.
1023
61 (base 10) to base 11
56
141 (base 5) to base 10
46
Convert -1 (base 3) to base 12.
-1
1a (base 16) to base 2
11010
-153 (base 7) to base 15
-5c
-244 (base 5) to base 16
-4a
What is 4 (base 5) in base 13?
4
Convert -12 (base 14) to base 16.
-10
What is -f (base 16) in base 8?
-17
Convert 1a (base 16) to base 6.
42
-33 (base 16) to base 13
-3c
Convert 14 (base 5) to base 8.
11
What is -32 (base 13) in base 10?
-41
What is 15 (base 14) in base 13?
16
Convert 112 (base 6) to base 2.
101100
19 (base 15) to base 6
40
Convert 13 (base 8) to base 12.
b
Convert 1 (base 5) to base 2.
1
Convert 44 (base 6) to base 8.
34
What is -4 (base 12) in base 5?
-4
-1a (base 13) to base 12
-1b
What is 8 (base 16) in base 13?
8
-98 (base 10) to base 9
-118
What is 2100 (base 3) in base 10?
63
15 (base 6) to base 11
10
Convert -224 (base 5) to base 4.
-1000
What is -3 (base 13) in base 4?
-3
-282 (base 9) to base 3
-22202
Convert 75 (base 11) to base 12.
6a
Convert -162 (base 12) to base 15.
-e8
Convert 1 (base 8) to base 4.
1
What is -100 (base 2) in base 16?
-4
Convert -22 (base 10) to base 13.
-19
Convert -6 (base 13) to base 8.
-6
What is -10 (base 16) in base 2?
-10000
Convert 1110001 (base 2) to base 6.
305
Convert 105 (base 6) to base 9.
45
What is 14 (base 14) in base 13?
15
What is -4 (base 10) in base 13?
-4
What is -10100000 (base 2) in base 13?
-c4
-1 (base 3) to 